91757
What are the prime factors of 430343231?
1291, 333341
List the prime factors of 854635909.
23, 5419, 6857
What are the prime factors of 1517204028?
2, 3, 419, 301751
What are the prime factors of 220747103?
3511, 62873
What are the prime factors of 38983017?
3, 409, 31771
List the prime factors of 131769237.
3, 19, 2311741
List the prime factors of 1384913509.
7, 1997, 14153
List the prime factors of 128497596.
2, 3, 23, 37, 12583
What are the prime factors of 91246945?
5, 18249389
List the prime factors of 338856631.
17, 23, 866641
What are the prime factors of 487853409?
3, 6529, 24907
What are the prime factors of 3277806846?
2, 3, 1931, 282911
List the prime factors of 1047154774.
2, 59, 521, 17033
What are the prime factors of 24516400?
2, 5, 61291
List the prime factors of 558988471.
558988471
List the prime factors of 617269093.
7, 19, 73, 63577
What are the prime factors of 5111991194?
2, 2555995597
List the prime factors of 5515037992.
2, 127, 5428187
What are the prime factors of 31853964?
2, 3, 2654497
What are the prime factors of 4913893925?
5, 196555757
List the prime factors of 3555947043.
3, 11, 367, 97871
What are the prime factors of 24350?
2, 5, 487
What are the prime factors of 1763612859?
3, 587870953
List the prime factors of 30097189.
109, 419, 659
What are the prime factors of 42717645?
3, 5, 109, 2903
What are the prime factors of 2997331980?
2, 3, 5, 49955533
What are the prime factors of 698414392?
2, 13, 6715523
List the prime factors of 524263059.
3, 58251451
What are the prime factors of 1562882?
2, 173, 4517
List the prime factors of 3407627782.
2, 13, 1069, 9431
What are the prime factors of 12936169?
19, 163, 4177
List the prime factors of 217487376.
2, 3, 19, 26497
What are the prime factors of 138322195?
5, 11, 2514949
List the prime factors of 1313892568.
2, 164236571
What are the prime factors of 113015809?
227, 497867
List the prime factors of 1042105196.
2, 11, 1321, 17929
What are the prime factors of 1155543756?
2, 3, 431, 223423
What are the prime factors of 118374028?
2, 19, 137, 11369
What are the prime factors of 242466841?
31, 103, 75937
What are the prime factors of 19979330?
2, 5, 7, 61, 4679
What are the prime factors of 2410533793?
17189, 140237
What are the prime factors of 326166865?
5, 97, 167, 4027
What are the prime factors of 77171929?
29, 443, 6007
List the prime factors of 49555543.
37, 1339339
List the prime factors of 948046600.
2, 5, 101, 46933
List the prime factors of 1837628432.
2, 114851777
What are the prime factors of 67584140?
2, 5, 13, 19, 13681
What are the prime factors of 200989548?
2, 3, 23, 67, 3623
List the prime factors of 527859122.
2, 7, 211, 178693
What are the prime factors of 2845125306?
2, 3, 137, 269, 4289
List the prime factors of 82524863.
431, 191473
List the prime factors of 6361207876.
2, 1590301969
What are the prime factors of 15497764?
2, 3874441
What are the prime factors of 49853652?
2, 3, 37, 47, 2389
List the prime factors of 111209968.
2, 23, 233, 1297
What are the prime factors of 57943118?
2, 23, 283, 4451
List the prime factors of 1232139997.
11, 37, 3027371
List the prime factors of 117118898.
2, 13, 23, 139, 1409
List the prime factors of 1987460450.
2, 5, 39749209
What are the prime factors of 2243050836?
2, 3, 13, 157, 91583
What are the prime factors of 41944877?
13, 3226529
List the prime factors of 210820768.
2, 6588149
What are the prime factors of 54906426?
2, 3, 239, 12763
What are the prime factors of 1403326375?
5, 11, 79, 12919
What are the prime factors of 75919055?
5, 53, 286487
What are the prime factors of 4409122488?
2, 3, 743, 247259
What are the prime factors of 438847898?
2, 37, 251, 23627
List the prime factors of 99521610.
2, 3, 5, 379, 8753
List the prime factors of 898787486.
2, 41, 47, 101, 2309
What are the prime factors of 703216329?
3, 23, 103, 98947
List the prime factors of 7375827468.
2, 3, 17, 53, 181, 3769
List the prime factors of 784321295.
5, 53, 2959703
What are the prime factors of 367470919?
29, 761, 16651
List the prime factors of 28070653.
13, 2159281
List the prime factors of 40316409.
3, 7, 29, 22067
List the prime factors of 34772645.
5, 1733, 4013
List the prime factors of 36463134.
2, 3, 6077189
What are the prime factors of 1537949913?
3, 512649971
What are the prime factors of 1962302602?
2, 13, 5805629
What are the prime factors of 134981791?
7, 47, 410279
What are the prime factors of 1187569190?
2, 5, 197, 211, 2857
What are the prime factors of 3063633923?
7, 437661989
What are the prime factors of 156081351?
3, 109, 477313
What are the prime factors of 496022466?
2, 3, 641, 128971
List the prime factors of 1514320128.
2, 3, 657257
List the prime factors of 220693890.
2, 3, 5, 7356463
List the prime factors of 1395343475.
5, 71, 786109
What are the prime factors of 372307229?
7, 193, 275579
What are the prime factors of 193235293?
193235293
List the prime factors of 4979465548.
2, 1244866387
What are the prime factors of 523964136?
2, 3, 61, 463, 773
What are the prime factors of 128377485?
3, 5, 2852833
List the prime factors of 25463702.
2, 11, 271, 4271
What are the prime factors of 42815722?
2, 3767, 5683
What are the prime factors of 122365745?
5, 17, 43, 33479
What are the prime factors of 1077623363?
13709, 78607
What are the prime factors of 44785505?
5, 449, 19949
What are the prime factors of 1222440742?
2, 611220371
What are the prime factors of 1162058782?
2, 581029391
List the prime factors of 3020855194.
2, 7, 73, 179, 337
What are the prime factors of 4531233662?
2, 73, 479, 64793
What are the prime factors of 9056787073?
23, 37, 641, 16603
What are the prime factors of 34256678?
2, 17128339
List the prime factors of 17764070.
2, 5, 37, 41, 1171
List the prime factors of 2549117988.
2, 3, 70808833
What are the prime factors of 327985715?
5, 61, 73, 14731
What are the prime factors of 36593286?
2, 3, 883, 6907
List the prime factors of 633281582.
2, 12377, 25583
List the prime factors of 1006065062.
2, 503032531
What are the prime factors of 6398377682?
2, 23, 787, 176741
What are the prime factors of 3819365210?
2, 5, 199, 1919279
What are the prime factors of 609107014?
2, 1901, 160207
What are the prime factors of 4405853569?
13, 17, 19935989
What are the prime factors of 598758370?
2, 5, 7, 8553691
List the prime factors of 464827505.
5, 92965501
What are the prime factors of 39242581?
7, 19, 61, 691
What are the prime factors of 63532381?
11, 97, 5413
List the prime factors of 1806332052.
2, 3, 7, 19, 1131787
What are the prime factors of 10642974?
2, 3, 23, 233, 331
What are the prime factors of 71786522?
2, 19, 43, 43933
What are the prime factors of 811489259?
7, 19, 1009, 6047
What are the prime factors of 1232015620?
2, 5, 11, 1523, 3677
What are the prime factors of 5648425681?
5648425681
List the prime factors of 1270695530.
2, 5, 13, 9774581
List the prime factors of 3387867646.
2, 1693933823
List the prime factors of 3753537620.
2, 5, 7, 89, 301247
List the prime factors of 811012566.
2, 3, 7, 13, 521, 2851
What are the prime factors of 1831220340?
2, 3, 5, 30520339
List the prime factors of 4374800808.
2, 3, 7, 17, 1531793
What are the prime factors of 160054673?
373, 429101
What are the prime factors of 111882581?
71, 1575811
List the prime factors of 29256962.
2, 7, 733, 2851
What are the prime factors of 583037018?
2, 291518509
What are the prime factors of 2299821071?
2299821071
What are the prime factors of 59450635?
5, 11890127
What are the prime factors of 379669712?
2, 199, 119243
What are the prime factors of 3232470070?
2, 5, 149, 2169443
What are the prime factors of 1129801291?
149, 7582559
List the prime factors of 53810438.
2, 11, 2445929
List the prime factors of 1438184135.
5, 23, 12505949
List the prime factors of 27840759.
3, 31, 299363
List the prime factors of 4073283641.
7, 101, 983, 5861
What are the prime factors of 925290113?
11, 443, 189881
List the prime factors of 258997385.
5, 43, 727, 1657
What are the prime factors of 916217949?
3, 23, 577327
List the prime factors of 736093315.
5, 193, 762791
List the prime factors of 2023573506.
2, 3, 131, 2574521
What are the prime factors of 302087985?
3, 5, 113, 178223
What are the prime